prime number?
True
Is 1521945361 a prime number?
True
Is 759013 a composite number?
True
Is 3658001 a composite number?
False
Is 870319 prime?
False
Is 35309517 prime?
False
Is 7182055 prime?
False
Is 2190371 a prime number?
True
Is 81553579 prime?
True
Is 2951885 a composite number?
True
Is 809089 a prime number?
False
Is 51877729 a composite number?
False
Is 91390161 a composite number?
True
Is 4613339 prime?
True
Is 31689689 prime?
True
Is 5272537 prime?
False
Is 598251 composite?
True
Is 892433 a composite number?
False
Is 12301103 composite?
False
Is 406650589 a prime number?
False
Is 16628351 prime?
True
Is 19009427 composite?
False
Is 4503313 prime?
True
Is 17513921 prime?
True
Is 111166187 a prime number?
False
Is 710965 a composite number?
True
Is 12737093 composite?
False
Is 3881971 composite?
True
Is 21192737 a prime number?
True
Is 465467 prime?
False
Is 52307933 a prime number?
True
Is 2389213 a composite number?
False
Is 90733211 prime?
True
Is 1424231 composite?
False
Is 12495073 prime?
True
Is 558694013 a composite number?
False
Is 216207011 prime?
True
Is 1214834183 composite?
False
Is 3785311 prime?
False
Is 677857 a composite number?
False
Is 5784599 composite?
False
Is 32588557 a prime number?
False
Is 54263741 prime?
False
Is 688829 prime?
False
Is 16842097 a composite number?
True
Is 30400031 prime?
True
Is 19722401 composite?
False
Is 10621169 composite?
True
Is 474091 prime?
False
Is 220994687 a prime number?
False
Is 15833999 a prime number?
False
Is 84225553 a composite number?
False
Is 11853857 composite?
False
Is 1758019 a composite number?
False
Is 466390091 prime?
True
Is 330649 a composite number?
True
Is 16157561 prime?
False
Is 147731981 a prime number?
False
Is 8482567 a prime number?
False
Is 3148781 composite?
True
Is 34708123 a composite number?
False
Is 349151 a prime number?
False
Is 45262487 a prime number?
True
Is 1604923 a prime number?
True
Is 25173823 prime?
True
Is 43504723 prime?
True
Is 973491 composite?
True
Is 249525257 prime?
True
Is 168444273 a composite number?
True
Is 3634933 prime?
False
Is 1375357571 a composite number?
True
Is 797333 prime?
True
Is 5221757 a composite number?
False
Is 5465303 a prime number?
True
Is 115110851 prime?
True
Is 283725437 prime?
True
Is 9687927 prime?
False
Is 28580393 a prime number?
False
Is 8643563 prime?
True
Is 8895689 composite?
True
Is 57003469 a prime number?
True
Is 7599841 a composite number?
False
Is 2540957 a prime number?
True
Is 49640543 prime?
True
Is 55372367 a composite number?
False
Is 17284249 composite?
False
Is 560281 a prime number?
True
Is 328081903 a prime number?
True
Is 990463 a prime number?
True
Is 93571057 prime?
True
Is 23950253 a prime number?
False
Is 1122611 a composite number?
True
Is 16729187 composite?
False
Is 3886679 a composite number?
False
Is 93788393 composite?
False
Is 4873043 a composite number?
True
Is 5873971 composite?
False
Is 5378657 prime?
True
Is 16871 prime?
True
Is 20252959 a composite number?
False
Is 1559017 a prime number?
True
Is 1061537 a prime number?
False
Is 141458927 prime?
True
Is 8758847 a prime number?
True
Is 504985241 composite?
False
Is 1606567 a prime number?
False
Is 115205395 a composite number?
True
Is 89333 a prime number?
False
Is 1215497 a composite number?
False
Is 144315209 a prime number?
True
Is 104818279 prime?
False
Is 64347121 composite?
False
Is 4191277 composite?
True
Is 1154201 prime?
False
Is 1198849 prime?
True
Is 4518394 a composite number?
True
Is 2070671 a prime number?
False
Is 30392977 composite?
True
Is 9539923 prime?
True
Is 2803721 a prime number?
False
Is 3733237 a composite number?
True
Is 51401451 prime?
False
Is 17039071 a prime number?
False
Is 6656101 a prime number?
True
Is 7527977 a prime number?
True
Is 63401489 composite?
False
Is 63793747 a composite number?
False
Is 39932177 prime?
True
Is 855577 a prime number?
False
Is 15891661 prime?
True
Is 4213753 a prime number?
True
Is 8256749 a composite number?
False
Is 45407597 a composite number?
False
Is 431191 a prime number?
True
Is 961413 a prime number?
False
Is 592843 prime?
True
Is 49755073 prime?
False
Is 1738281 a prime number?
False
Is 4781237 a prime number?
True
Is 5325547 composite?
False
Is 3698819 a prime number?
True
Is 21161717 prime?
True
Is 13136299 a prime number?
False
Is 9337973 composite?
False
Is 43492591 a prime number?
False
Is 19959457 composite?
True
Is 195174167 a composite number?
True
Is 21531317 a prime number?
True
Is 10532947 composite?
False
Is 41719729 a prime number?
False
Is 33482171 a composite number?
False
Is 452579 a composite number?
False
Is 2607091 a prime number?
False
Is 69344855 a prime number?
False
Is 1485377 prime?
False
Is 339838103 a prime number?
False
Is 74451163 a composite number?
False
Is 914429 a composite number?
False
Is 41793403 a prime number?
False
Is 8535533 composite?
False
Is 196869243 a prime number?
False
Is 15686331 a prime number?
False
Is 105078751 a prime number?
False
Is 4295603 a prime number?
False
Is 11225873 composite?
False
Is 292629779 a composite number?
True
Is 29035333 composite?
False
Is 6699197 prime?
True
Is 8616131 a prime number?
True
Is 676733 a prime number?
True
Is 27229243 a composite number?
True
Is 3319103 a prime number?
True
Is 92575429 prime?
False
Is 22824793 composite?
False
Is 56911553 a prime number?
False
Is 27175631 a composite number?
True
Is 77975171 a prime number?
False
Is 27694867 a prime number?
False
Is 28681403 prime?
True
Is 37596119 prime?
False
Is 16057871 a composite number?
False
Is 224462389 prime?
False
Is 6962629 composite?
True
Is 382499123 a composite number?
False
Is 3106457 a prime number?
False
Is 15875395 prime?
False
Is 257737 composite?
True
Is 165103 composite?
False
Is 2993917 prime?
False
Is 54780331 a composite number?
True
Is 6133727 a composite number?
False
Is 7076467 composite?
True
Is 1281395 a prime number?
False
Is 709643 a composite number?
True
Is 2703721 composite?
True
Is 11953367 a composite number?
True
Is 143537041 a composite number?
True
Is 87687307 a composite number?
False
Is 31814777 a composite number?
False
Is 762443 composite?
True
Is 3692929 a composite number?
False
Is 123846451 a composite number?
False
Is 46412021 a composite number?
True
Is 462208447 a composite number?
False
Is 378891817 a composite number?
False
Is 42376391 a prime number?
True
Is 4054661 a prime number?
False
Is 5401999 prime?
True
Is 5216626 prime?
False
Is 23948191 a prime number?
True
Is 19513337 composite?
False
Is 56089651 a composite number?
False
Is 3205985 composite?
True
Is 8181253 composite?
False
Is 2342111 a prime number?
False
Is 247306417 a prime number?
True
Is 55359241 prime?
False
Is 10469363 composite?
False
Is 18917797 prime?
True
Is 16398443 composite?
False
Is 422482529 a prime number?
False
Is 7273033 prime?
True
Is 24875897 prime?
True
Is 8474537 a composite number?
False
Is 3936577 a prime number?
True
Is 572707 composite?
False
Is 1430129 a prime number?
False
Is 34404787 a prime number?
False
Is 74171069 a prime number?
False
Is 221119583 composite?
False
Is 101736631 prime?
False
Is 898033 composite?
False
Is 2698159 prime?
True
Is 27661871 composite?
True
Is 645078631 prime?
False
Is 39422153 composite?
False
Is 1760051 a prime number?
False
Is 348871 composite?
True
Is 4163077 composite?
False
Is 50277173 a composite number?
True
Is 178328179 prime?
False
Is 48847691 a composite number?
True
Is 17517193 prime?
True
Is 7385437 a composite number?
True
Is 4686671 prime?
False
Is 4498681 a composite number?
True
Is 5662297 a composite number?
False
Is 601529 a composite number?
True
Is 1469509 composite?
False
Is 2606327 a prime number?
False
Is 717767 a prime number?
False
Is 510563 prime?
False
Is 54958171 a composite number?
True
Is 13222147 composite?
True
Is 33840005 prime?
False
Is 550331641 composite?
False
Is 7674703 a prime number?
False
Is 8513234 a prime number?
False
Is 675019819 composite?
True
Is 327895 a prime number?
False
Is 248636473 prime?
True
Is 5544202 prime?
False
Is 68733109 a prime number?
True
Is 5103661 a composite number?
True
Is 196849 prime?
False
Is 1354537 prime?
False
Is 96680509 prime?
True
Is 16697113 prime?
False
Is 1304